9 + 23 + -18 + -29
-15
Calculate 8 - -1 - ((38 - 18) + 4).
-15
Calculate -33 - (15 + 7 - 37).
-18
Evaluate 9 - (20 - 18) - (-4 + -1).
12
(-8 - (-25 + 14)) + 10
13
Evaluate -3 + 1 + (0 - -4) + 2 + 6.
10
What is the value of 6 + -5 - 5 - (-4 - 4)?
4
Evaluate 11 - (-5 - -13) - 12.
-9
Calculate (15 - 1) + -123 + 112.
3
Evaluate (-24 - (-9 - 25)) + 4 + 2.
16
Calculate -2 + 5 + -1 - (-133 - -146).
-11
Calculate (95 - 94) + (1 - (0 - -15)).
-13
Calculate (-206 - -232) + 3 + -30.
-1
Calculate 5 + -26 + (0 - -2).
-19
What is 0 + 2 - 24 - (-22 + 70 + -50)?
-20
Evaluate -5 + (-1 - 0) - (-11 + 6) - 6.
-7
What is the value of -11 + (11 - 26 - -19) - -6?
-1
6 + (0 - (-11 - (7 + 5 + -6)))
23
What is the value of -27 - 0 - (1170 + -1180)?
-17
What is the value of 33 + 15 - 38 - (3 + 0 + 2)?
5
Calculate 10 + -1 + -3 - (22 - (-1 + 28)).
11
What is 4 + 2 + -10 - (12 - 9)?
-7
What is the value of (2 - 4 - 0) + 3563 + -3543?
18
What is the value of (-48 - (9 + -30)) + 0 + 10 + -6?
-23
What is 29 + (3 - (-20 - -17)) + -18?
17
-15 - (8 - (6 - (-3 + 4)) - 12)
-6
What is (-28 - -21) + (8 - 11)?
-10
What is -2 - (-1 - (8 - (-1 + 7)))?
1
(-16 - -13 - (4 - 0)) + 5 + -14
-16
What is the value of 10 + ((10 - 14 - 5) + 10 - 33)?
-22
What is -32 + 28 - -22 - (4 - 0)?
14
What is -1 + 15 + 278 + -284?
8
23 - 21 - (5 + 3)
-6
-3 - (10 - (-9 - -13))
-9
Calculate -46 - (-1 + 15 + -13 + -8).
-39
What is -2 + 5 + (-12 - (8 + -6))?
-11
What is -5 - -13 - (0 - -9 - 4)?
3
What is -169 + 154 - (-2 - 10)?
-3
-2 - ((1 - 3) + -5) - -10
15
What is (2 + (4 - 6) - 0) + (2 - 12)?
-10
4 - (6 + (0 + 2 - (4 + 2)))
2
Evaluate -8 + (2 - -3 - 11) - (12 - 7).
-19
What is the value of -11 - ((-5 - -11) + -10 - (1 + -2))?
-8
What is the value of -17 - (-8 + -21 + 15 + -27)?
24
Calculate 0 + (3 - 18 - 18).
-33
Evaluate (4 - 16) + 11 - (13 + -2 - -1).
-13
Calculate -196 + 201 - (-1 + 0 + -6).
12
What is the value of -17 + -31 + (84 - 34)?
2
What is the value of (4 - -2) + (-3 - (6 + 3 + -2))?
-4
What is the value of -11 + 2 - -2 - (-3 - 1) - -15?
12
Calculate -10 - (17 + -16 + 5 + 0 - 10).
-6
Evaluate ((-2 + -1 - -3) + -4 - -9) + -1.
4
12 - (7 + -1 + 2 - (2 - -2))
8
33 + -20 + (13 - -27) + -13
40
Calculate -49 + 39 + 11 + -3.
-2
Evaluate -1 + -3 + 8 + (1 - 10).
-5
Calculate -1 - 1 - (-13 - (-21 + -18 + 31)).
3
Calculate (140 - 148) + (-1 - (1 - 8)).
-2
Evaluate 4 + -24 + (8 - -8).
-4
-28 - (-32 - 9) - (34 - 0)
-21
Evaluate -20 - ((1 - -21) + -41).
-1
What is (180 - 158) + 3 + -33?
-8
33 - 27 - (-3 + -7)
16
(10 - 3) + 1 + 0 + (-15 - -19)
12
(43 + -21 - 1) + -12
9
Evaluate (15 + -31 - -10) + 4 + -3.
-5
(121 - 108) + (2 - 1)
14
Evaluate 5 - (5 + -6) - (-7 - (8 + -20)).
1
What is 0 - 2 - (-14 - -6) - 9?
-3
(-40 + 30 - (-36 - -2)) + 3
27
What is 26 + 10 + (-6 - 7) + 8 + -8?
23
What is the value of -5 + (-2 - -11 - (5 + -7)) + 1?
7
What is the value of (2 - 2) + 1 - (9 - (62 - 49))?
5
What is the value of 26 - (37 + -19) - 24?
-16
Calculate -67 - (-35 + 8 - 15).
-25
Evaluate 4 - ((-2 + 11 - -1) + 10).
-16
What is -17 - (2 + 16 + (16 - 34))?
-17
-7 - (-29 - ((11 - (-9 + 14)) + -9))
19
-31 + (53 - 24) + -11
-13
Evaluate 16 - (13 - -17 - 26).
12
-16 + (18 - 21) - -35
16
-29 + (66 - (1 - -27))
9
(1 - -3) + (-69 - -71) + -12
-6
What is 16 - 16 - (0 + (-2 - -6)) - 0?
-4
7 - (-13 - (-6 + 11 + 0) - -2)
23
-5 + (-1 + -5 - -12)
1
Evaluate (4 - -10) + -3 + 24 + -34.
1
Evaluate -7 + 0 - ((1 - 24) + 23).
-7
Evaluate -17 + (-4 - (-14 - -2)) + -2 + 0.
-11
(5 + 0 - 21) + (-82 - -76)
-22
What is -1 - -23 - (-16 - (0 - 4) - -19)?
15
What is -3 - (21 + -3) - (16 - (-18 + 38))?
-17
49 - (60 - 27) - (7 + 0)
9
(1 - 14) + (-27 - -50)
10
(-14 + 22 - 14) + 20
14
What is 8 + -18 + -3 - 13?
-26
What is 0 + 8 + (-368 - -362)?
2
What is the value of (-14 - -5) + 14 + 0?
5
-2 + -14 - (-50 + 32 + -18)
20
What is the value of 5 - 3 - (-16 + 18 - (1 - 2))?
-1
What is the value of (-7 - -24 - (-1 - 2)) + -9?
11
What is the value of -31 - ((-53 - 12) + 28)?
6
What is the value of -1 + 6 + (-29 - -32) + 0 + 4?
12
What is (-43 - 0) + -949 + 983?
-9
Calculate -12 + 11 + (-7 - -1).
-7
Calculate 9 + -1 + -16 + -5.
-13
Calculate -1 + -10 + 1 + -1 + -107 + 101.
-17
Evaluate -144 + 143 + -1 + 2 + (-13 - 0).
-13
Evaluate 1 + (-45 + 44 - (1 + -7)).
6
Calculate 9 + (-1 - 4 - (-2 + -3)).
9
What is the value of 14 + 16 + -42 + 15?
3
Calculate 28 + -48 + 9 + -3.
-14
-16 + (4 + (-2 - 15) - -7)
-22
What is -9 + (-37 - -16) + 25?
-5
Evaluate 29 + -11 + -16 + (-2 - -2).
2
Evaluate (14 - -2 - (-2 - 0)) + 11 + -16.
13
Evaluate 17 + -8 + (-10 - -4).
3
Evaluate -1 - (14 - (10 + 2) - (-8 + 2)).
-9
-9 + (1 - 13) + (11 + -3 - 1)
-14
What is the value of 1 + -5 + (-2 - (10 + -5 + -1))?
-10
Calculate 9 + -30 - (136 + -139 + 3 + -1).
-20
What is the value of 26 - (48 + -7) - (-7 + 0 + 0)?
-8
Evaluate 1 + 1 + -2 + (-13 - -11 - -1).
-1
-10 + -31 + 17 + 27
3
Evaluate -8 - (-272 - -261 - (6 + 1 - 1)).
9
What is -14 - -11 - (19 - 1)?
-21
What is 55 + (-46 - -16) - 10?
15
Evaluate -12 + (-4 - (5 - 3 - 3)) + 45.
30
Evaluate (-4 - (-4 + 1)) + (-10 - (-22 - -3)).
8
What is 9 - (-13 + 2 + 13)?
7
18 + 3 - (4 - -11)
6
What is -1 + (-8 - (34 + -42 - (20 + -2)))?
17
Evaluate 35 + (4 + 2 - 19).
22
Evaluate (-21 - 6) + (-7 - -19).
-15
What is 30 - (28 + (41 - 49))?
10
What is the value of -9 - ((-5 - (0 + 10 + -22)) + 10)?
-26
11 - (-4 + (-10 - -16) + (42 - 7))
-26
(-77 - (2 + -75)) + 38 + -2 + 1
33
What is 9 + -19 - (2 + -6 + -9)?
3
Evaluate (-3 - (-6 + 2 + 16 + -19)) + -19.
-15
Calculate -10 + 0 + 23 + (-24 - -27).
16
-8 + 2 + 33 + (-48 - -7)
-14
Calculate -24 - (8 + (-20 - -6)).
-18
What is -7 - (-3 + -2) - -18?
16
What is the value of -9 - ((-634 - -640) + (0 - 1 - 13))?
-1
Evaluate 2 + -10 + 3 + (-17 + 0 - 2).
-24
-3 - -10 - (-13 + 0 + 13 - 3)
10
Calculate -21 - 11 - (-29 + 24 + (-6 - -2)).
-23
What is the value of 20 + (-6 + -6 - -1)?
9
Evaluate 4 - ((-1 - 1 - (-7 - -1)) + -4).
4
Evaluate -10 + 5 - (13 - ((-3 - 4) + 11)).
-14
Calculate (4 + -15 - -11) + (-21 - -4) + 1.
-16
0 - 4 - (9 - 27 - -12)
2
What is the value of -9 - -21 - (-16 - -37)?
-9
What is the value of -1 + (-2 - -8) + (-12 - -11) + -5?
-1
What is the value of 2 + 0 + (3 + 0 + 5 - 18)?
-8
What is the value of -1 - (-12 + 29) - (3 + -14)?
-7
What is (-24 - -45) + -9 + -1 + 4?
15
What is the value of -1 + 10 + 132 + -138 + -6?
-3
Evaluate -22 + (-27 - (-4 - 45)).
0
Evaluate (-16 - -17) + 2 + -22 + -1.
-20
Evaluate 6 + -15 + -4 - 0.
-13
Calculate 11 - (6 + 0) - (-5 + 24).
-14
What is (-7 - (-10 - 2)) + 5 + -3 + 0?
7
-20 - -19 - (0 + 2 - 21 - 3)
21
What is the value of (-1 - -33) + (-41 - (27 - 55))?
19
Calculate ((3 - -12) + -45 - -13) + 4.
-13
15 - (-22 - (-21 + -20))
-4
What is the value of -2 + -7 + 1 + 4 + -23 + 17?
-10
2 + 21 + -21 + (15 - -1)
18
Calculate 17 - (21 + 10) - 4.
-18
Calculate 7 + 4 + (2 - 3 - 24).
-14
-36 + 16 - -17 - (-8 - -1)
4
What is -1 - (-24 - 6 - -15 - -3)?
11
What is 9 - -1 - (7 + 5 + (15 - 15))?
-2
24 + -22 + 12 - 30
-16
What is the value of 45 + -46 + (13 - (-2 + 5) - 4)?
5
Calculate -2 + (-21 - -19 - (-47 - -6)).
37
What is the value of -1 + 16 + -6 + -28?
-19
What is (22 - 13) + 9 + (-4 - (-2 - -3))?
13
(-6 + 8 - 0) + 6
8
What is the value of (57 - 70) + 13 + 6 + -3?
3
What is the value of (-5 - -19) + -16 + 27?
25
Calculate -6 - (11 + (7 + -2 - 18)).
-4
What is the value of 5 - (-11 - ((12 - 2) + -12))?
14
What is the value of -3 + -3 + -46 + 50?
-2
What is -1 - (24 + -1 + (-50 - -39))?
-13
Evaluate 0 - (1 - 8) - (-3 + -3 + 15).
-2
30 + (13 - (17 + -3) - (7 - 0))
22
What is -12 + (-16 - (16 + -47))?
3
Calculate 14 + -1 - -4 - (0 - 0 - 2).
19
51 + -79 + 27 + 10
9
What is the value of -30 + 14 + (-4 - 1 - -3)?
-18
Evaluate (5 - 22) + 14 - (2 - 0 - 0).
-5
-18 + 15 + (-1 - 4)
-8
(2 - 7) + -1 + 1 + 9 + 4
8
What is -46 - (35 - 55 - 7)?
-19
Calculate (5 + 0 - 2) + -7 - 9.
-13
What is (4 - (-13 - 4)) + -15?
6
Evaluate -10 - ((35 - 37) + (1 - -10)).
-19
Calculate 42 - (-15 + 18 - -23).
16
Evaluate -2 - (2 + 3 + 5 - (-4 - -7)).
-9
What is the value of (-17 - -28) + (-10 - 2)?
-1
What is the value of (25 + -21 - (-5 - 1)) + (-39 - -12)?
-17
What is the value of (-2 - -2 - 0) + 5 + -5 + -9?
-9
13 + (2 + 8 - 13) - 26
-16
Evaluate 9 + (-4 - 9) + 9.
5
What is the value of -4 + (2 - (0 - 1) - (-2 - 8)